 q and 5?
5
Suppose 5*s = -3*d + 94, 112 = 4*d + 2*s + 2*s. Calculate the highest common factor of 184 and d.
23
Suppose 3*l - 6*y + y - 114 = 0, 2*l - 75 = 3*y. What is the highest common factor of 3 and l?
3
Let g = 28 + -20. Let f(l) = 8*l**2 - l - 3. Let u be f(-3). What is the highest common divisor of g and u?
8
Suppose -2*s + 6 = 0, s - 228 = 2*y - 7*y. What is the highest common divisor of y and 15?
15
Suppose 0*h - 5*h = -60. Suppose -34 = -5*b + 116. What is the greatest common divisor of b and h?
6
Suppose 4*v = 10 - 50. Let c be ((-32)/v)/((-3)/(-15)). Calculate the greatest common divisor of 8 and c.
8
Let h(k) = 4*k**2 + 2*k - 2. Let g be h(-2). Calculate the greatest common divisor of g and 5.
5
Let n be 2/1 - (7 + -5). Let z(w) = 3*w + 0*w**2 - w**3 + n*w**2 + 2*w**3 - 3*w**2. Let c be z(2). What is the highest common factor of 6 and c?
2
Suppose 0 = 4*v - 5*j - 81, 5*v + 2*j - 8 = 52. Calculate the greatest common divisor of v and 154.
14
Let n be 290/25 + (-2)/(-5). Suppose -5*h + 7 = -2*f - 4, 0 = 2*h + 3*f - n. Calculate the highest common divisor of h and 15.
3
Let w(p) = p**2 - 6*p + 2. Let u be w(7). Let v be (-974)/(-6) - 2/6. Suppose -4*o + v + 90 = 0. What is the highest common factor of o and u?
9
Let t(a) = -4*a - 5. Let u(k) = -5*k - 6. Let f(j) = 3*t(j) - 2*u(j). Let w be f(-2). Let c be (1 - (0 - 2))*w. What is the greatest common divisor of c and 33?
3
Suppose 5*g - 194 = 56. Calculate the greatest common factor of 20 and g.
10
Suppose -4*q + q - 2970 = 0. Let t be q/(-5) - (1 + -1). Let j = 48 + -30. What is the highest common factor of j and t?
18
Let d(q) = q. Let s be d(3). Let c = 8 - s. Let z = 143 + -108. What is the highest common factor of z and c?
5
Suppose -2*z + 51 = 47. Calculate the greatest common divisor of 18 and z.
2
Let b be 70/(-15)*(2 + -5). Let y be (-52)/b + 6/(-21). Let g be (165/6)/((-2)/y). What is the greatest common factor of 22 and g?
11
Let b be (-722)/(-95) + 6/(-10). Calculate the highest common divisor of 35 and b.
7
Let p = 106 + -78. What is the greatest common divisor of 56 and p?
28
Let w(m) = m + 1. Let v be w(5). Let d be -14*v/(-16)*12. What is the highest common factor of 9 and d?
9
Suppose -4*h + 3 + 1 = 0. Suppose 5*v + 7 = 6*v. Calculate the greatest common factor of v and h.
1
Suppose -3*m = -5*m + 48. Let w be (-175)/10*m/(-15). What is the greatest common divisor of 224 and w?
28
Let w be 4 + (3 - (4 - 1)). What is the greatest common factor of 44 and w?
4
Let x = 16 + -12. What is the highest common factor of x and 16?
4
Suppose 0 = w + 73 - 80. What is the highest common factor of w and 77?
7
Let n = 32 - 7. Calculate the highest common divisor of n and 25.
25
Suppose 0*n = -2*n - 10, -2*n = -2*r + 22. Let y = -2 + 1. Let q(j) = -17*j**3 + 2*j**2 + j. Let s be q(y). Calculate the greatest common divisor of s and r.
6
Suppose 2*t - 13 = 25. What is the highest common divisor of t and 76?
19
Let n be 2/5 + 8/(-20). Let l(p) = p**2 - p. Let r be l(n). Let i = 3 - r. Calculate the highest common factor of 2 and i.
1
Suppose 0 = 5*y - 41 - 49. Let d(z) = z**3 + 5*z**2 + 3*z - 3. Let f = -7 + 4. Let v be d(f). Calculate the highest common divisor of y and v.
6
Suppose -v + 2 = 0, 4*m - v - 25 + 71 = 0. Let y = m + 7. Let l(w) = w**3 + 6*w**2 + 2*w. Let f be l(y). Calculate the highest common divisor of 36 and f.
12
Suppose 3*z + q - 11 = 0, -8 = -5*z - q + 9. Suppose -n = z*n - 176. Let v be 10/4*(-44)/(-10). Calculate the greatest common factor of v and n.
11
Let j = -128 + 248. What is the highest common divisor of 20 and j?
20
Suppose m - 2 = 3. Let y = 2 - 1. Let q = 6 - y. Calculate the greatest common divisor of q and m.
5
Let z be 22/((-4)/2)*-9. Let x = -10 - -4. Let s be ((-21)/x - -2)*2. Calculate the greatest common divisor of z and s.
11
Let n be ((-4)/10)/(21/(-1890)). Calculate the greatest common factor of n and 6.
6
Suppose -110 = -5*y - 4*a, 8*y - 3*y = 3*a + 110. Calculate the greatest common factor of 242 and y.
22
Let g be (-4)/(-5) + (-13)/(-65). Calculate the greatest common divisor of 5 and g.
1
Let d = -22 + 24. What is the greatest common divisor of d and 10?
2
Let n = 41 - 11. Calculate the greatest common divisor of 120 and n.
30
Let s = 12 + -7. Let d be 120*(12/s - 2). What is the greatest common factor of 16 and d?
16
Let d = 5 - 1. Suppose d*p - 12 = -0*p. Suppose 0 = -0*t - p*t + 2*k + 21, -3*t + 21 = -3*k. Calculate the highest common divisor of 35 and t.
7
Let o(y) = 1 - 3 + 5 - 10*y - 2 + 3*y**2. Let w be o(9). What is the greatest common factor of w and 14?
14
Let h = -6 + -9. Let g = h + 45. Calculate the greatest common factor of 75 and g.
15
Suppose -5*s = -s - 108. Suppose -2*y + 17 + s = 0. Suppose 2*a = a + 3*c + 66, 2*c + 132 = 2*a. Calculate the greatest common factor of a and y.
22
Let h = 0 - 0. Suppose h = 3*v + 5*o - 260, 4*o + 7 = v - 91. Let p(g) = -8*g + 2. Let l be p(-2). Calculate the greatest common factor of v and l.
18
Let j(s) = 189*s**2 + s + 2. Let y be j(1). Calculate the highest common divisor of 24 and y.
24
Let o = -49 - -154. What is the highest common factor of 15 and o?
15
Suppose -n = -5*l + 3 + 6, 0 = n - 1. Suppose 7*h - l*h = 30. What is the highest common divisor of 24 and h?
6
Suppose 0 = q + 4*q - 10. Let t(w) = w - 6. Let i be t(6). Suppose 0 = -n - i*n + q. Calculate the highest common factor of n and 16.
2
Suppose 3*c - 8 = c. Suppose -2*n + 4*f + 24 + 24 = 0, -82 = -3*n + c*f. Let g be 2*(n/4 + 0). Calculate the greatest common divisor of g and 68.
17
Let a be 582/21 - (-2)/7. What is the highest common factor of 14 and a?
14
Suppose -3*b - 185 - 94 = -3*y, 3*y - 4*b - 278 = 0. Let c = y - 4. Suppose 5*x - 15 = c. What is the highest common factor of 42 and x?
21
Let d = 3 - -5. What is the highest common factor of 88 and d?
8
Let x be (8/(-12))/(-2)*15. Let n be (-2)/(-10) + 69/x. Calculate the greatest common divisor of n and 42.
14
Suppose -5*x - 3*l + 30 = -5*l, -6 = -x - 5*l. Suppose 15 = a - x. Let v = 23 + a. Calculate the highest common factor of v and 4.
4
Suppose 58 = -3*m + 2*h + 182, -5*h - 215 = -5*m. Suppose -5*u + 10*u - 20 = 0. Suppose 2*o + u - 194 = 0. Calculate the greatest common factor of o and m.
19
Suppose -2*f = -73 - 47. Calculate the greatest common factor of f and 15.
15
Let p(z) = z**3 - z**2 + 4*z - 4. Let l be p(3). Calculate the highest common factor of l and 26.
26
Suppose 9 = 3*a - f, 0 = 2*a + 2*f + 3*f - 6. Calculate the greatest common divisor of 9 and a.
3
Let w(j) = 2*j**2 + 9*j + 3. Let c be w(-6). Calculate the greatest common divisor of 84 and c.
21
Let f(n) = -n - 2 - 3*n + 1. Let o be f(-2). What is the greatest common divisor of 7 and o?
7
Suppose 0*n - 39 = 3*n. Let h = 1 - n. Calculate the greatest common factor of 98 and h.
14
Suppose 16 = f - 2*x, 3*f + 5*x - 51 = 2*f. Suppose -4*k + 5*i + 72 = 0, i - 6*i - 7 = k. Calculate the highest common factor of k and f.
13
Suppose -2*r + 9 + 3 = 0. Let a be -1*(-6)/(r/3). Let u(f) = 2*f**2 - 3*f - 4. Let j be u(a). What is the highest common factor of 50 and j?
5
Let n(o) = 21*o**2 - 1. Let y be n(-1). Suppose 2*h - 16 = -2*h. Suppose 5*t = 3*t + h. Calculate the highest common divisor of t and y.
2
Let d be 1 - (1 - (-2 + 2)). Suppose d = 2*g - 11 - 3. Let v = 10 + -3. Calculate the greatest common divisor of g and v.
7
Suppose 4*k + 0*k - 40 = 0. What is the greatest common factor of k and 2?
2
Let k(x) = 9*x - 27. Let v be k(8). What is the greatest common divisor of 18 and v?
9
Suppose -5*c + 270 = -0*c. Calculate the greatest common factor of 18 and c.
18
Suppose 3*l - 6 = -3*l. Let d be 12/10*20/3. What is the greatest common factor of d and l?
1
Let m be (-2)/(209/(-104) + (-12)/(-6)). Calculate the greatest common divisor of 26 and m.
26
Suppose -6 - 2 = -4*l. Suppose -b - 3*u + 14 = 0, l*b + u = 2 + 6. What is the greatest common factor of b and 2?
2
Let i = -6 + 14. Calculate the greatest common divisor of i and 2.
2
Let o(x) = -x - x + 6 - 18. Let z be o(-10). What is the greatest common factor of 8 and z?
8
Suppose -3*w + x + 1848 = 0, 0 = 3*w - 5*w + x + 1232. What is the highest common factor of w and 56?
56
Let i(b) = -b**3 - 2*b**2 - 7*b + 6. Let m be i(4). Let u = -6 - m. Calculate th